 highest common divisor of 657622 and 1862.
14
What is the greatest common factor of 10197 and 83193?
33
What is the greatest common divisor of 3530 and 15102070?
10
Calculate the greatest common factor of 976427 and 8418.
61
What is the highest common divisor of 17802 and 12138642?
774
Calculate the highest common divisor of 2320 and 846336.
464
Calculate the highest common divisor of 1066 and 652474.
82
What is the greatest common factor of 6659019 and 355?
71
Calculate the highest common factor of 18 and 19212858.
18
What is the highest common factor of 18480524 and 3632?
908
What is the greatest common factor of 14539 and 109630291?
2077
What is the highest common factor of 1251059724 and 282?
282
Calculate the greatest common factor of 10441 and 2422509.
197
What is the greatest common factor of 2687413404 and 24?
12
Calculate the highest common divisor of 579564 and 8395155.
8523
What is the greatest common divisor of 4051558 and 140?
14
What is the highest common divisor of 1083472 and 169?
13
Calculate the highest common factor of 52025 and 1866657.
2081
Calculate the greatest common factor of 33 and 15236607.
3
What is the highest common factor of 23148 and 1125?
9
Calculate the highest common factor of 702371 and 2183.
37
Calculate the greatest common factor of 100 and 1971325.
25
What is the highest common divisor of 108416 and 42516012?
3388
What is the greatest common factor of 6609252 and 128856?
156
What is the greatest common factor of 22343051 and 212?
53
What is the greatest common factor of 10464 and 50704620?
1308
Calculate the greatest common divisor of 231168 and 270298.
602
What is the greatest common divisor of 232993 and 76708?
151
Calculate the highest common divisor of 50337 and 2129946.
987
Calculate the highest common factor of 448566278 and 706.
706
Calculate the highest common divisor of 31800783 and 567.
21
What is the greatest common divisor of 34117716 and 6?
6
Calculate the highest common factor of 9420 and 6973940.
3140
Calculate the greatest common factor of 136914 and 135774.
114
What is the greatest common divisor of 18410 and 341110?
70
What is the highest common divisor of 2846712 and 36?
12
Calculate the greatest common divisor of 507518 and 262786.
2006
What is the greatest common divisor of 791 and 1206871414?
791
Calculate the greatest common divisor of 9585 and 23445.
45
Calculate the greatest common factor of 2112 and 184998.
66
What is the greatest common factor of 146952 and 716976?
936
What is the greatest common divisor of 5253045 and 13720?
1715
Calculate the highest common divisor of 1366 and 22349809.
683
What is the highest common factor of 15 and 2328515?
5
Calculate the greatest common divisor of 3028 and 2028.
4
Calculate the highest common divisor of 102 and 73214376.
102
Calculate the highest common divisor of 77571 and 51543.
27
What is the greatest common factor of 94080 and 209895?
105
What is the highest common factor of 464 and 38438?
2
Calculate the greatest common factor of 8487164 and 1148.
1148
Calculate the highest common factor of 665780 and 320.
20
Calculate the greatest common divisor of 1459 and 29219393.
1459
What is the highest common factor of 128712 and 434576?
1384
What is the highest common divisor of 1073304 and 1754057?
4969
Calculate the greatest common divisor of 17433 and 142038.
117
What is the highest common divisor of 3728672 and 32482?
218
Calculate the highest common divisor of 239 and 254927677.
239
Calculate the greatest common factor of 19 and 3125101.
19
Calculate the greatest common factor of 430417 and 8497.
293
Calculate the greatest common factor of 7235264 and 4512.
32
Calculate the highest common divisor of 322683695 and 5.
5
What is the greatest common factor of 1509594 and 43851?
933
What is the greatest common factor of 795538 and 56602?
622
Calculate the highest common factor of 69944105 and 2919.
973
Calculate the highest common divisor of 11 and 18472949.
11
What is the highest common factor of 16115 and 24595?
5
What is the greatest common factor of 11719965 and 56070?
1335
Calculate the greatest common factor of 241196571 and 198.
99
What is the greatest common divisor of 9021776 and 7372?
388
What is the highest common divisor of 6203509 and 20653?
1087
What is the highest common divisor of 59917904 and 48?
16
Calculate the highest common divisor of 13053 and 87324.
57
What is the highest common factor of 828 and 580825026?
414
Calculate the highest common factor of 548 and 67203980.
548
What is the highest common divisor of 29008 and 17185?
7
What is the highest common factor of 65 and 7474207?
13
Calculate the highest common factor of 93424 and 68835971.
5839
Calculate the highest common divisor of 64550 and 86725.
25
What is the highest common factor of 937 and 1231?
1
What is the highest common factor of 608 and 51885200?
304
What is the greatest common divisor of 2391639 and 4866?
2433
What is the highest common divisor of 70070 and 20930?
910
What is the greatest common divisor of 1198272 and 2217056?
2528
Calculate the highest common divisor of 729 and 54381213.
729
What is the highest common divisor of 50 and 12807775?
25
What is the greatest common factor of 12980 and 72348573?
649
What is the greatest common factor of 17610 and 1741042?
1174
What is the greatest common factor of 33431272 and 224?
56
What is the highest common factor of 231441 and 399228?
309
Calculate the greatest common factor of 70274117 and 31.
31
Calculate the greatest common factor of 219000 and 25375.
125
Calculate the greatest common factor of 56322965 and 7850.
785
What is the greatest common factor of 724416 and 399?
21
Calculate the greatest common factor of 55 and 5338075.
5
What is the greatest common factor of 46320789 and 93?
93
What is the highest common divisor of 4194829 and 4857?
1619
What is the highest common divisor of 13052 and 3819816?
52
What is the highest common factor of 55850 and 59450?
50
What is the greatest common factor of 62881570 and 116?
58
Calculate the greatest common factor of 15625499 and 1513.
17
What is the greatest common divisor of 42788623 and 1413?
157
What is the greatest common factor of 1949481 and 401673?
2103
What is the highest common factor of 1263 and 12460337?
421
What is the greatest common divisor of 15 and 962835?
15
Calculate the greatest common factor of 32143 and 7.
1
What is the greatest common factor of 336903 and 704733?
183
What is the highest common divisor of 290569 and 562183?
223
What is the highest common divisor of 4400506 and 55?
11
Calculate the highest common factor of 258 and 79062.
6
What is the highest common factor of 540 and 56298240?
540
What is the highest common factor of 24016 and 4495495?
1501
Calculate the highest common divisor of 315241 and 634439.
1319
Calculate the greatest common divisor of 5141821 and 10312.
1289
What is the highest common factor of 19837082 and 1552?
194
What is the greatest common factor of 1120 and 66403960?
280
Calculate the highest common factor of 105629 and 2491.
53
Calculate the highest common factor of 4500847 and 529.
23
What is the highest common divisor of 533568392 and 14?
14
Calculate the greatest common factor of 1488 and 31031496.
744
Calculate the highest common divisor of 41230 and 27910.
10
Calculate the highest common divisor of 1690459959 and 1511.
1511
Calculate the highest common divisor of 763703935 and 5710.
2855
Calculate the greatest common factor of 67261618 and 5930.
1186
Calculate the greatest common factor of 6608 and 399371.
413
What is the highest common divisor of 26285729 and 30642?
5107
What is the greatest common divisor of 4438900 and 900?
100
What is the highest common divisor of 68647158 and 1852?
926
What is the highest common divisor of 3717 and 2156868?
63
What is the highest common factor of 105757032 and 23544?
2616
What is the highest common factor of 3857 and 23621486?
203
Calculate the greatest common divisor of 134745917 and 1678.
839
What is the greatest common divisor of 66 and 986546?
22
What is the highest common divisor of 16637 and 298196?
127
What is the greatest common factor of 4906318 and 11?
1
Calculate the greatest common divisor of 759286 and 66.
22
Calculate the greatest common factor of 